{"id":472,"date":"2017-06-13T09:27:21","date_gmt":"2017-06-13T09:27:21","guid":{"rendered":"http:\/\/playingup.de\/?page_id=472"},"modified":"2017-09-18T13:43:04","modified_gmt":"2017-09-18T13:43:04","slug":"main","status":"publish","type":"page","link":"https:\/\/playingup.de\/","title":{"rendered":"Main"},"content":{"rendered":"<div id=\"pl-472\"  class=\"panel-layout\" ><div id=\"pg-472-0\"  class=\"panel-grid panel-has-style\" ><div class=\"siteorigin-panels-stretch panel-row-style panel-row-style-for-472-0\" data-stretch-type=\"full-stretched\" ><div id=\"pgc-472-0-0\"  class=\"panel-grid-cell\" ><div id=\"panel-472-0-0-0\" class=\"so-panel widget widget_sow-hero panel-first-child panel-last-child\" data-index=\"0\" ><div class=\"so-widget-sow-hero so-widget-sow-hero-default-224f435d1e34\"><div class=\"sow-slider-base \" style=\"display: none\"><ul class=\"sow-slider-images\" data-settings=\"{&quot;pagination&quot;:true,&quot;speed&quot;:800,&quot;timeout&quot;:8000,&quot;swipe&quot;:true,&quot;nav_always_show_mobile&quot;:&quot;&quot;,&quot;breakpoint&quot;:&quot;780px&quot;}\">\t\t<li class=\"sow-slider-image  sow-slider-image-cover\" style=\"background-color: #333333;background-image: url(https:\/\/playingup.de\/wp-content\/uploads\/2017\/05\/PUhome_main_image02_dt.jpg)\" >\n\t\t\t\t\t<div class=\"sow-slider-image-container\">\n\t\t\t<div class=\"sow-slider-image-wrapper\">\n\t\t\t\t\t\t\t<\/div>\n\t\t<\/div>\n\t\t\t\t<\/li>\n\t\t<\/ul>\t\t\t\t<ol class=\"sow-slider-pagination\">\n\t\t\t\t\t\t\t\t\t\t\t<li><a href=\"#\" data-goto=\"0\" aria-label=\"display slide 1\">1<\/a><\/li>\n\t\t\t\t\t\t\t\t\t<\/ol>\n\n\t\t\t\t<div class=\"sow-slide-nav sow-slide-nav-next\">\n\t\t\t\t\t<a href=\"#\" data-goto=\"next\" aria-label=\"next slide\" data-action=\"next\">\n\t\t\t\t\t\t<em class=\"sow-sld-icon-thick-rounded-right\"><\/em>\n\t\t\t\t\t<\/a>\n\t\t\t\t<\/div>\n\n\t\t\t\t<div class=\"sow-slide-nav sow-slide-nav-prev\">\n\t\t\t\t\t<a href=\"#\" data-goto=\"previous\" aria-label=\"previous slide\" data-action=\"prev\">\n\t\t\t\t\t\t<em class=\"sow-sld-icon-thick-rounded-left\"><\/em>\n\t\t\t\t\t<\/a>\n\t\t\t\t<\/div>\n\t\t\t\t<\/div><\/div><\/div><\/div><\/div><\/div><div id=\"pg-472-1\"  class=\"panel-grid panel-has-style\" ><div class=\"panel-row-style panel-row-style-for-472-1\" ><div id=\"pgc-472-1-0\"  class=\"panel-grid-cell\" ><div id=\"panel-472-1-0-0\" class=\"so-panel widget widget_sow-headline panel-first-child panel-last-child\" data-index=\"1\" ><div class=\"panel-widget-style panel-widget-style-for-472-1-0-0\" ><div class=\"so-widget-sow-headline so-widget-sow-headline-default-4b8dbe921f0d\"><div class=\"sow-headline-container \">\n\t<h1 class='sow-headline'>\t\t\t\t\t\t<a href=\"http:\/\/playingup.de\/?page_id=588\" >\n\t\t\t\t\tPLAYING UP SPIELEN<\/a><\/h1><\/div><\/div><\/div><\/div><\/div><\/div><\/div><div id=\"pg-472-2\"  class=\"panel-grid panel-has-style\" ><div class=\"siteorigin-panels-stretch panel-row-style panel-row-style-for-472-2\" data-stretch-type=\"full\" ><div id=\"pgc-472-2-0\"  class=\"panel-grid-cell\" ><div id=\"panel-472-2-0-0\" class=\"so-panel widget widget_sow-headline panel-first-child panel-last-child\" data-index=\"2\" ><div class=\"panel-widget-style panel-widget-style-for-472-2-0-0\" ><div class=\"so-widget-sow-headline so-widget-sow-headline-default-4c8b00a381a5\"><div class=\"sow-headline-container \">\n\t<h1 class='sow-headline'>PLAYING UP<\/h1><h3 class='sow-sub-headline'>Perfomancekunst f\u00fcr Kinder und Erwachsene<\/h3><\/div><\/div><\/div><\/div><\/div><div id=\"pgc-472-2-1\"  class=\"panel-grid-cell\" ><div id=\"panel-472-2-1-0\" class=\"so-panel widget widget_sow-editor panel-first-child panel-last-child\" data-index=\"3\" ><div class=\"panel-widget-style panel-widget-style-for-472-2-1-0\" ><div class=\"so-widget-sow-editor so-widget-sow-editor-base\">\n<div class=\"siteorigin-widget-tinymce textwidget\">\n\t<p>Auf Autod\u00e4chern liegen, mit Tieren tanzen, eine Ketchupschlacht veranstalten, einem zuf\u00e4llig Vor\u00fcbergehenden durch die Stadt folgen, Erwachsene fernsteuern, eine eigene Sportart erfinden, Wunder suchen, elektrische Ger\u00e4te auseinandernehmen, eine \u201eWas-passiert-dann-Maschine\u201c bauen - PLAYING UP ist ein spielerische Einf\u00fchrung in die Performancekunst geeignet f\u00fcr jedes Alter und f\u00fcr ganz unterschiedliche Kontexte, vom Spiele-Nachmittag zuhause bis zur k\u00fcnstlerischen Produktion.<\/p>\n<p>Auf dieser Webseite finden sich Informationen zum Spiel, Veranstaltungshinweise zu \u00f6ffentlichen PLAY INs und Fortbildungen, Dokumentationen und Gratiskarten zum Testen.<\/p>\n<\/div>\n<\/div><\/div><\/div><\/div><\/div><\/div><div id=\"pg-472-3\"  class=\"panel-grid panel-has-style\" ><div class=\"siteorigin-panels-stretch panel-row-style panel-row-style-for-472-3\" data-stretch-type=\"full-stretched\" ><div id=\"pgc-472-3-0\"  class=\"panel-grid-cell\" ><div id=\"panel-472-3-0-0\" class=\"so-panel widget widget_sow-headline panel-first-child\" data-index=\"4\" ><div class=\"panel-widget-style panel-widget-style-for-472-3-0-0\" ><div class=\"so-widget-sow-headline so-widget-sow-headline-default-423a2b036c8a\"><div class=\"sow-headline-container \">\n\t<h1 class='sow-headline'>Was die Kinder der Grundschule Appelhoff und die Kinder der Schule Burgunderweg \u00fcber PLAYING UP denken: <\/h1><\/div><\/div><\/div><\/div><div id=\"panel-472-3-0-1\" class=\"so-panel widget widget_sow-video panel-last-child\" data-index=\"5\" ><div class=\"so-widget-sow-video so-widget-sow-video-base\">\n<div class=\"sow-video-wrapper\">\n\t\t<iframe title=\"Kinder testen PLAYING UP\" src=\"https:\/\/player.vimeo.com\/video\/224298435?dnt=1&amp;app_id=122963\" width=\"650\" height=\"366\" frameborder=\"0\" allow=\"autoplay; fullscreen; picture-in-picture; clipboard-write; encrypted-media; web-share\" referrerpolicy=\"strict-origin-when-cross-origin\"><\/iframe>\t<\/div>\n<\/div><\/div><\/div><\/div><\/div><\/div>","protected":false},"excerpt":{"rendered":"<p>1 PLAYING UP SPIELEN PLAYING UPPerfomancekunst f\u00fcr Kinder und Erwachsene Auf Autod\u00e4chern liegen, mit Tieren tanzen, eine Ketchupschlacht veranstalten, einem zuf\u00e4llig Vor\u00fcbergehenden durch die Stadt folgen, Erwachsene fernsteuern, eine eigene Sportart erfinden, Wunder suchen, elektrische Ger\u00e4te auseinandernehmen, eine \u201eWas-passiert-dann-Maschine\u201c bauen &#8211; PLAYING UP ist ein spielerische Einf\u00fchrung in die Performancekunst geeignet f\u00fcr jedes Alter und [&hellip;]<\/p>\n","protected":false},"author":1,"featured_media":0,"parent":0,"menu_order":0,"comment_status":"closed","ping_status":"closed","template":"","meta":[],"_links":{"self":[{"href":"https:\/\/playingup.de\/index.php?rest_route=\/wp\/v2\/pages\/472"}],"collection":[{"href":"https:\/\/playingup.de\/index.php?rest_route=\/wp\/v2\/pages"}],"about":[{"href":"https:\/\/playingup.de\/index.php?rest_route=\/wp\/v2\/types\/page"}],"author":[{"embeddable":true,"href":"https:\/\/playingup.de\/index.php?rest_route=\/wp\/v2\/users\/1"}],"replies":[{"embeddable":true,"href":"https:\/\/playingup.de\/index.php?rest_route=%2Fwp%2Fv2%2Fcomments&post=472"}],"version-history":[{"count":81,"href":"https:\/\/playingup.de\/index.php?rest_route=\/wp\/v2\/pages\/472\/revisions"}],"predecessor-version":[{"id":1010,"href":"https:\/\/playingup.de\/index.php?rest_route=\/wp\/v2\/pages\/472\/revisions\/1010"}],"wp:attachment":[{"href":"https:\/\/playingup.de\/index.php?rest_route=%2Fwp%2Fv2%2Fmedia&parent=472"}],"curies":[{"name":"wp","href":"https:\/\/api.w.org\/{rel}","templated":true}]}}